, 2269
What are the prime factors of 274755651?
3, 61, 367, 4091
What are the prime factors of 507138529?
1597, 317557
What are the prime factors of 42634930?
2, 5, 13, 29, 43, 263
List the prime factors of 150773070.
2, 3, 5, 7, 717967
What are the prime factors of 3090242152?
2, 386280269
What are the prime factors of 34828415?
5, 1823, 3821
List the prime factors of 285044812.
2, 13, 53, 59, 1753
What are the prime factors of 940164604?
2, 41, 5732711
What are the prime factors of 501745441?
501745441
List the prime factors of 22038841.
11, 19, 105449
List the prime factors of 80825774.
2, 40412887
What are the prime factors of 2482877?
257, 9661
List the prime factors of 6645057.
3, 151, 14669
What are the prime factors of 226210174?
2, 113105087
List the prime factors of 4485393910.
2, 5, 20341, 22051
What are the prime factors of 1545197391?
3, 6358837
What are the prime factors of 267691896?
2, 3, 173, 21491
List the prime factors of 3067821200.
2, 5, 7669553
List the prime factors of 142557362.
2, 227, 314003
What are the prime factors of 57575106?
2, 3, 3198617
What are the prime factors of 2663570446?
2, 1331785223
List the prime factors of 57420848.
2, 3588803
List the prime factors of 1819240155.
3, 5, 1497317
List the prime factors of 40360766.
2, 593, 34031
What are the prime factors of 104302161?
3, 429227
What are the prime factors of 99228122?
2, 7, 7087723
What are the prime factors of 620487559?
12953, 47903
List the prime factors of 103901522.
2, 31, 1675831
What are the prime factors of 314249599?
314249599
List the prime factors of 1139939223.
3, 31, 12257411
What are the prime factors of 591285654?
2, 3, 2939, 11177
What are the prime factors of 525655405?
5, 11, 239, 39989
List the prime factors of 56427494.
2, 28213747
List the prime factors of 69042679.
2671, 25849
List the prime factors of 27374050.
2, 5, 11, 71, 701
List the prime factors of 22263272.
2, 563, 4943
What are the prime factors of 256428949?
7, 36632707
List the prime factors of 87857423.
87857423
What are the prime factors of 361304314?
2, 7, 491, 52561
What are the prime factors of 19915724?
2, 19, 262049
What are the prime factors of 29473411?
11, 2679401
What are the prime factors of 168216688?
2, 43, 139, 1759
List the prime factors of 965237846.
2, 127, 3800149
List the prime factors of 1449839156.
2, 19, 19076831
List the prime factors of 451678694.
2, 2791, 80917
List the prime factors of 5362986584.
2, 1543, 434461
What are the prime factors of 1135528706?
2, 13, 43674181
List the prime factors of 259258428.
2, 3, 11, 13, 16787
List the prime factors of 1564699645.
5, 312939929
What are the prime factors of 2339599856?
2, 11, 61, 1801
List the prime factors of 1307990177.
13, 599, 167971
What are the prime factors of 7610871713?
7610871713
List the prime factors of 54734850.
2, 3, 5, 121633
What are the prime factors of 173358037?
1231, 140827
List the prime factors of 2816250483.
3, 938750161
What are the prime factors of 123942625?
5, 991541
List the prime factors of 56072247.
3, 7, 11, 22067
List the prime factors of 12885876.
2, 3, 19, 18839
What are the prime factors of 196526928?
2, 3, 13, 47, 6701
What are the prime factors of 1501089049?
521, 2881169
List the prime factors of 427269795.
3, 5, 28484653
What are the prime factors of 1941703?
127, 15289
What are the prime factors of 55719749?
55719749
List the prime factors of 127370878.
2, 31, 2054369
What are the prime factors of 456919420?
2, 5, 2393, 9547
What are the prime factors of 102195883?
102195883
List the prime factors of 114741955.
5, 22948391
What are the prime factors of 600046496?
2, 7, 53, 50543
What are the prime factors of 94369259?
94369259
List the prime factors of 3653507992.
2, 14887, 30677
What are the prime factors of 432144283?
29, 1931, 7717
List the prime factors of 66796526.
2, 33398263
What are the prime factors of 56284035?
3, 5, 1093, 3433
What are the prime factors of 37503494?
2, 7, 443, 6047
List the prime factors of 66154353.
3, 1033, 21347
What are the prime factors of 372573728?
2, 11642929
What are the prime factors of 687396162?
2, 3, 223, 513749
What are the prime factors of 43518403?
43518403
List the prime factors of 314974611.
3, 7, 4999597
What are the prime factors of 7273247922?
2, 3, 404069329
List the prime factors of 41227685.
5, 907, 9091
What are the prime factors of 10868076?
2, 3, 19, 15889
What are the prime factors of 299343278?
2, 13, 29, 30539
List the prime factors of 112445239.
251, 283, 1583
List the prime factors of 139674915.
3, 5, 73, 14173
What are the prime factors of 381922007?
381922007
List the prime factors of 7570477334.
2, 7, 659, 820559
List the prime factors of 825217623.
3, 37, 73, 83, 409
List the prime factors of 36937015.
5, 2707, 2729
List the prime factors of 134008040.
2, 5, 31, 67, 1613
List the prime factors of 475171143.
3, 158390381
List the prime factors of 96058893.
3, 7, 4574233
List the prime factors of 122171413.
7, 13, 53, 73, 347
List the prime factors of 67215862.
2, 7, 4801133
What are the prime factors of 51249513?
3, 7, 229, 10657
What are the prime factors of 455324473?
455324473
What are the prime factors of 42133943?
42133943
What are the prime factors of 97178923?
1723, 56401
List the prime factors of 450811779.
3, 11, 2579, 5297
What are the prime factors of 25193996?
2, 313, 20123
What are the prime factors of 12461575?
5, 7, 71209
List the prime factors of 115313438.
2, 277, 208147
What are the prime factors of 1468894078?
2, 17, 3209, 13463
List the prime factors of 480596686.
2, 53, 4533931
List the prime factors of 536541453.
3, 7, 1873, 4547
List the prime factors of 319939793.
229, 1397117
List the prime factors of 1100715560.
2, 5, 7, 47, 83641
List the prime factors of 2459701352.
2, 29, 10602161
What are the prime factors of 57061079?
57061079
What are the prime factors of 722784825?
3, 5, 7, 37, 79, 157
List the prime factors of 2843841718.
2, 1421920859
List the prime factors of 15296777.
43, 8273
What are the prime factors of 280689849?
3, 11, 991, 2861
What are the prime factors of 325724035?
5, 7, 13, 715877
List the prime factors of 4605384.
2, 3, 7, 79, 347
What are the prime factors of 138143996?
2, 127, 193, 1409
List the prime factors of 2424220223.
2424220223
List the prime factors of 3860636021.
11, 83, 179, 23623
What are the prime factors of 623295320?
2, 5, 43, 362381
List the prime factors of 42631546.
2, 17, 73757
List the prime factors of 1984837755.
3, 5, 19, 6964343
What are the prime factors of 22929505?
5, 23, 8669
List the prime factors of 62119602.
2, 3, 1150363
What are the prime factors of 120985764?
2, 3, 571, 17657
What are the prime factors of 2114945144?
2, 13, 103, 179, 1103
What are the prime factors of 141632683?
157, 902119
List the prime factors of 2711422376.
2, 13, 97, 268777
What are the prime factors of 363957822?
2, 3, 83, 243613
What are the prime factors of 553270518?
2, 3, 30737251
List the prime factors of 97709495.
5, 13, 19, 61, 1297
List the prime factors of 1345215022.
2, 23167, 29033
List the prime factors of 33664111.
13, 23, 112589
What are the prime factors of 359175766?
2, 311, 577453
List the prime factors of 372276931.
13, 17, 1684511
List the prime factors of 138115316.
2, 34528829
List the prime factors of 29199028.
2, 337, 21661
List the prime factors of 1789237675.
5, 17, 37, 113783
What are the prime factors of 729894475?
5, 29, 1006751
List the prime factors of 104526321.
3, 34842107
List the prime factors of 907387591.
11, 43, 73, 2389
What are the prime factors of 879981080?
2, 5, 11, 1999957
List the prime factors of 253479483.
3, 157, 59797
What are the prime factors of 2090694293?
107, 19539199
What are the prime factors of 259538806?
2, 29, 4474807
List the prime factors of 230423174.
2, 1447, 79621
What are the prime factors of 677340589?
1021, 663409
What are the prime factors of 618631305?
3, 5, 37, 1114651
What are the prime factors of 7224059134?
2, 1297, 2784911
List the prime factors of 583780849.
53, 67, 79, 2081
What are the prime factors of 541589253?
3, 180529751
List the prime factors of 240541151.
240541151
List the prime factors of 877606325.
5, 47, 746899
What are the prime factors of 945505724